e
Is 49493 a prime number?
False
Is 23857 prime?
True
Is 30157 prime?
False
Is 112823 a prime number?
False
Is 2453 a prime number?
False
Is 46133 composite?
False
Is 80273 a prime number?
True
Is 31685 prime?
False
Is 32471 a composite number?
True
Is 643547 prime?
True
Is 13829 composite?
False
Is 13121 composite?
False
Is 142033 composite?
True
Is 105503 a prime number?
True
Is 13309 composite?
False
Is 28774 a prime number?
False
Is 19407 composite?
True
Is 10079 a prime number?
True
Is 8353 a prime number?
True
Is 1689431 a prime number?
True
Is 41269 a prime number?
True
Is 4167797 composite?
False
Is 141157 prime?
True
Is 6119 prime?
False
Is 340279 a prime number?
False
Is 26183 prime?
True
Is 2503 a prime number?
True
Is 118189 prime?
True
Is 55987 composite?
False
Is 8069 composite?
False
Is 4559 composite?
True
Is 3545 a composite number?
True
Is 24818 prime?
False
Is 41891 composite?
True
Is 185359 a prime number?
True
Is 14567 a composite number?
True
Is 203207 composite?
False
Is 29117 prime?
False
Is 1141 composite?
True
Is 14699 composite?
False
Is 11631 composite?
True
Is 121477 composite?
True
Is 47053 composite?
True
Is 159 prime?
False
Is 204053 prime?
False
Is 25595 a composite number?
True
Is 8665 prime?
False
Is 25691 prime?
False
Is 158 a composite number?
True
Is 40009 a prime number?
True
Is 13834 composite?
True
Is 239203 composite?
True
Is 15835 prime?
False
Is 25073 composite?
False
Is 259091 prime?
False
Is 16703 a composite number?
False
Is 3061 composite?
False
Is 116027 a composite number?
False
Is 1943 a prime number?
False
Is 56473 a composite number?
False
Is 23251 a prime number?
True
Is 176279 a prime number?
False
Is 629 prime?
False
Is 221797 prime?
True
Is 155447 prime?
False
Is 21971 composite?
True
Is 1255 a prime number?
False
Is 233 a composite number?
False
Is 1833983 composite?
False
Is 19531 prime?
True
Is 11497 a prime number?
True
Is 51923 composite?
True
Is 2653 a prime number?
False
Is 22501 a composite number?
False
Is 2579 a composite number?
False
Is 2022989 prime?
True
Is 177635 a composite number?
True
Is 377 prime?
False
Is 2206145 composite?
True
Is 264079 a composite number?
True
Is 58655 a composite number?
True
Is 107131 a composite number?
True
Is 264109 prime?
False
Is 20317 composite?
True
Is 46199 a composite number?
False
Is 35821 composite?
True
Is 1060937 prime?
True
Is 632267 a prime number?
True
Is 32443 a composite number?
False
Is 1574 prime?
False
Is 383413 a prime number?
False
Is 14173 a prime number?
True
Is 2449 a composite number?
True
Is 4812727 prime?
False
Is 23783 prime?
False
Is 21039 a prime number?
False
Is 12653 prime?
True
Is 19835 a prime number?
False
Is 268133 a prime number?
True
Is 12263 a composite number?
False
Is 162953 composite?
True
Is 985297 prime?
False
Is 1055 prime?
False
Is 53951 a composite number?
False
Is 611257 composite?
False
Is 5147 a prime number?
True
Is 13997 a prime number?
True
Is 115987 a composite number?
False
Is 401627 a composite number?
False
Is 3487 composite?
True
Is 95 a composite number?
True
Is 7349 a composite number?
False
Is 4174 a prime number?
False
Is 13001 prime?
True
Is 66358 a composite number?
True
Is 4109 a composite number?
True
Is 5039 a composite number?
False
Is 34057 composite?
False
Is 225427 a composite number?
False
Is 1466 composite?
True
Is 97213 a composite number?
False
Is 2966177 a composite number?
True
Is 580573 a prime number?
False
Is 18539 a prime number?
True
Is 302131 a prime number?
False
Is 278737 prime?
False
Is 251981 composite?
True
Is 1901 a prime number?
True
Is 20701 a composite number?
True
Is 7613 a prime number?
False
Is 8383 a prime number?
False
Is 42857 composite?
True
Is 1573603 composite?
False
Is 13061 a prime number?
False
Is 238403 composite?
True
Is 221321 a composite number?
True
Is 39313 a prime number?
True
Is 32947 composite?
True
Is 604339 a composite number?
False
Is 50695 composite?
True
Is 1907 a composite number?
False
Is 48091 a composite number?
False
Is 278089 a composite number?
True
Is 174367 prime?
True
Is 5257 a composite number?
True
Is 2068879 prime?
False
Is 251849 prime?
False
Is 170363 a prime number?
True
Is 3791 prime?
False
Is 1139423 composite?
False
Is 93593 composite?
True
Is 992689 composite?
False
Is 1501333 a prime number?
True
Is 179189 composite?
True
Is 24599 composite?
True
Is 17959 prime?
True
Is 4319 composite?
True
Is 94774 composite?
True
Is 4233787 composite?
False
Is 277213 a prime number?
True
Is 365 composite?
True
Is 63134 composite?
True
Is 731 a composite number?
True
Is 354113 composite?
True
Is 134471 composite?
False
Is 127 prime?
True
Is 228647 a composite number?
False
Is 89837 prime?
False
Is 109897 composite?
False
Is 784897 composite?
False
Is 499 prime?
True
Is 661679 prime?
True
Is 5981 prime?
True
Is 189226 composite?
True
Is 189535 a prime number?
False
Is 173617 prime?
True
Is 81689 a composite number?
False
Is 64871 a prime number?
True
Is 1739 a composite number?
True
Is 16319 composite?
False
Is 6541 prime?
False
Is 14165 a composite number?
True
Is 349291 composite?
False
Is 4591 a composite number?
False
Is 110303 a prime number?
False
Is 77795 prime?
False
Is 1061 composite?
False
Is 537803 a composite number?
True
Is 9127 prime?
True
Is 61837 prime?
True
Is 83991 composite?
True
Is 3991 a prime number?
False
Is 99563 a prime number?
True
Is 97 a prime number?
True
Is 3377 a prime number?
False
Is 187183 composite?
True
Is 2741 composite?
False
Is 136151 prime?
False
Is 7343 prime?
False
Is 499 a composite number?
False
Is 48953 prime?
True
Is 7769 composite?
True
Is 4711 composite?
True
Is 5903 prime?
True
Is 7403 a prime number?
False
Is 185441 a prime number?
True
Is 77593 composite?
True
Is 14809 prime?
False
Is 21313 a composite number?
False
Is 52433 a composite number?
False
Is 25889 prime?
True
Is 5941 a composite number?
True
Is 7901 a prime number?
True
Is 135419 prime?
False
Is 506333 a prime number?
True
Is 25457 composite?
False
Is 3341 a prime number?
False
Is 12151 a prime number?
False
Is 154909 a prime number?
False
Is 57142 composite?
True
Is 53681 composite?
False
Is 1887797 prime?
True
Is 30757 a composite number?
False
Is 1905739 composite?
True
Is 351527 a composite number?
True
Is 273071 prime?
False
Is 145633 a composite number?
False
Is 59833 a prime number?
True
Is 1005131 a composite number?
False
Is 200843 prime?
True
Is 113749 a prime number?
True
Is 211195 a prime number?
False
Is 4737 composite?
True
Is 3432899 composite?
False
Is 7963 prime?
True
Is 68755 a prime number?
False
Is 34823 composite?
True
Is 168289 a composite number?
True
Is 3421 prime?
False
Is 35051 a composite number?
False
Is 22739 composite?
False
Is 496609 a composite number?
False
Is 88702 a prime number?
False
Is 212569 composite?
True
Is 110938 composite?
True
Is 917213 prime?
False
Is 2521 prime?
True
Is 67699 prime?
True
Is 911045 prime?
False
Is 842941 a composite number?
True
Is 1393081 composite?
True
Is 2525086 composite?
True
Is 45098 a prime number?
False
Is 2440255 prime?
False
Is 7717 a prime number?
True
Is 150697 a prime number?
True
Is 32455 a composite number?
True
Is 39953 a prime number?
True
Is 51713 composite?
False
Is 56377 a composite number?
False
Is 1577 composite?
True
Is 613291 a prime number?
False
Is 552557 a composite number?
True
Is 9953 a prime number?
False
Is 1526977 a prime number?
True
Is 7561 a prime number?
True
Is 331 prime?
True
Is 788651 a composite number?
False
Is 4291 prime?
False
Is 14143 composite?
False
Is 157291 prime?
True
Is 9921 composite?
True
Is 49573 a prime number?
False
Is 80393 a prime number?
False
Is 68927 a composite number?
False
Is 1169999 a prime number?
False
Is 7000567 a composite number?
True
Is 70043 a composite number?
True
Is 194609 a prime number?
True
Is 66739 composite?
False
Is 203349 a composite number?
True
Is 166009 prime?
False
Is 3371 composite?
False
Is 74831 composite?
False
Is 204233 a composite number?
False
Is 10671 prime?
False
Is 12569 a prime number?
True
Is 1263335 prime?
False
Is 13909 a composite number?
True
Is 57115 a composite number?
True
Is 13523 composite?
False
Is 209541 a composite number?
True
Is 22409 c